t of j(n)?
5
Let o = -40 - -57. What is the tens digit of o?
1
Let p = 41 - 16. What is the units digit of p?
5
What is the tens digit of (0 - 1)*5*-7?
3
Suppose 6*r - 59 = -665. Let k = r + 146. What is the tens digit of k?
4
Let v = -1 + 4. Suppose v*b + 0*b = 3*m + 27, 4*m = -b - 1. Let c = b - 4. What is the units digit of c?
3
Let c(v) be the second derivative of -4*v**3/3 + 2*v. Let a be c(-5). Suppose 0 = -4*d + 8 + a. What is the tens digit of d?
1
Let h = 2 - 1. Suppose -5*l = 2*f - 20, 3*l - 11 = f + h. Suppose -21 = -3*z - 3*g, -3*z + 5*g = -1 + l. What is the units digit of z?
4
Suppose 0 = -s - 4*g + 45, -s + 79 = 2*s - 2*g. What is the tens digit of s?
2
Let b(p) = 4*p + 1. Let f be b(2). What is the units digit of 1*f + -6 + 4?
7
Suppose -2*h = -6*h + 20. Suppose 3*n = c + 34, 2*n + 0*n = -h*c. What is the units digit of n?
0
What is the units digit of 2/1*(21 - 5)?
2
Let q(y) = y**3 + 8*y**2 - y - 3. Let j be q(-8). Suppose -p + 26 = 3*w, j*w + 4 = -4*p + 73. What is the tens digit of p?
1
Suppose 4*m = 17 + 3. Suppose -256 = -5*l + 2*i, 0 = -m*l + i - 3*i + 244. What is the tens digit of l?
5
Let v(h) = h. Suppose -8 = -4*r + 8. What is the units digit of v(r)?
4
Let r(k) = -k**3 - 5*k**2 + 2. Let o(s) = -3*s**2 + s**2 - 10*s + 6*s + 1. Let a be o(-3). What is the units digit of r(a)?
2
Let q(d) = 20. Let y(k) = k**3 - k**2 - k + 1. Let c(w) = q(w) + y(w). What is the tens digit of c(0)?
2
Suppose 0 = -3*s + 6*s + 42. What is the units digit of 46/4 - 7/s?
2
What is the units digit of ((-24)/15)/((-10)/25)?
4
Let b = 6 - 3. Suppose 25 = b*z - 65. What is the units digit of z?
0
What is the units digit of 4 - -13*(-3 + 4)?
7
Let g = 6 - 11. What is the units digit of 1/3*g*-18?
0
Let d(x) = -x**3 + 7*x**2 - 6*x - 7. Let n = -1 + 4. Suppose -10 = h - n*h. What is the units digit of d(h)?
3
Suppose 3*g + 12 = 0, 60 = -4*m + g + 8. Let s(c) = -c**2 - 5*c + 10. Let d be s(-7). What is the units digit of m/d - 1/2?
3
Let f be (-16)/24 + 11/3. Suppose -5*r + 195 + 133 = 4*k, -2*r = 3*k - 134. What is the units digit of (r/12)/(2/f)?
8
Let s be 3 - -1*(1 - -66). Let o = s - 47. What is the tens digit of o?
2
Suppose 2*a + 4*t = -1 + 15, 0 = -4*a + 2*t + 38. What is the units digit of a?
9
Suppose -a - 2 = -0*a. Let z = a + -1. What is the units digit of (z/(-2))/(2/4)?
3
Let q(j) = -j**3 + 2*j - 1. Let s be q(1). Suppose -5*d + n - 4*n + 26 = s, -19 = -4*d - 3*n. Let r = 14 - d. What is the units digit of r?
7
Suppose 4 = -s + 7. Suppose 4*x - s*h = 1 - 0, 3*x - 3 = 3*h. What is the units digit of 2/x*(-14 + 1)?
3
Suppose -2*t - 23 - 29 = 0. Let v be t - (-2*1 - -2). What is the units digit of 2/7 - v/7?
4
Let m = -10 - -142. What is the tens digit of m?
3
Let w = -4 - -6. Let c be (12/18)/(w/15). Suppose 3*y + c = 20. What is the units digit of y?
5
Let g be 9/6*38*1. Let j = g - 39. Suppose -2*c = -2*n + 16, 3*n - 13 = -4*c + j. What is the units digit of n?
9
Suppose 4*h = 5*j - 31, 5*h + 5 = -0*h - 5*j. Let v = 11 + h. What is the units digit of v?
7
Let v = 44 + 317. What is the hundreds digit of v?
3
Let p be (5/10)/(2/(-136)). Let z = p - -53. Suppose -4*t = -q - z, 3*t - 20 = -5*q - 0*t. What is the units digit of q?
1
Suppose 0 = -10*y + 13*y - 87. What is the tens digit of y?
2
Suppose 4*y + 8 + 4 = 0. Suppose -3*p - 2 = -8. What is the units digit of 2/p - (2 + y)?
2
Suppose 9 = -2*f + 3*f. Let y(d) = 2*d - 5. What is the units digit of y(f)?
3
Let s = -16 + 24. Suppose 5*d - d - s = 0. What is the units digit of (1 + (-3)/d)*-6?
3
Let s(i) = 3*i - 4. Suppose 0 = p + 2*r - 11, -2*r + 17 = 2*p - 1. What is the units digit of s(p)?
7
Let c(h) = 55*h + 2. Let y be c(-3). Let b = y - -228. Suppose 0 = 3*u + 2*u - b. What is the units digit of u?
3
Let x be 0*-2*(-3)/(-6). Suppose x*z - 5*z = -65. What is the tens digit of z?
1
Let w(j) = -j**2 + 4*j - 1. Let n be w(3). Let z be 6/33 + n/(-11). Suppose z*t + 8 = 4*t. What is the units digit of t?
2
Let x(j) = 8*j - 20. What is the tens digit of x(7)?
3
Suppose -4*v - 3*r - 36 = -7*v, -2*v + 5*r + 9 = 0. What is the tens digit of v?
1
Let r(f) be the first derivative of -f**4/4 - f**3/3 + 2*f - 17. Let a be 1*(-2)/2 - 1. What is the units digit of r(a)?
6
Suppose 142 = -3*p + 2*z, -z - 4 = -3*z. Let j = -20 + 11. What is the units digit of p/(-6) - 3/j?
8
Suppose 5*n - 17 = 48. What is the tens digit of n?
1
Suppose -4 = 3*q - 13. Suppose 40 = -q*h - h. What is the units digit of (-30)/(-9)*(-12)/h?
4
Let y be -1 - (-9)/3 - -1. Let x = y - 1. What is the units digit of x?
2
Suppose -2*p + 0*u + 6 = u, -5*p - 3 = -2*u. Let q = 3 - p. What is the tens digit of 4/(-8) - (-31)/q?
1
Let v(i) = 6*i**2 - 2*i - 1. Let g(q) = 2*q**2 - q + 4 + 3*q**2 + 6*q**3 - 7*q**3. Let m be g(5). What is the units digit of v(m)?
7
Suppose b + 1 = -u + 2*b, -2*u = 2*b + 10. Let z = -2 - u. What is the units digit of z?
1
Suppose -4*f - w = -336, -2*w + 125 = 3*f - 127. What is the units digit of 4/10 + f/15?
6
Let d(b) be the second derivative of b**4/2 - b**3/6 + 2*b. What is the units digit of d(-2)?
6
Suppose -2*t = -t - 35. What is the units digit of t?
5
What is the units digit of ((-704)/55)/(2/(-5))?
2
Let v be 110/6 + (-3)/9. Let w = -4 - -6. Suppose -4*a = -w*a - v. What is the units digit of a?
9
Let r = -16 + 6. Suppose -6*h + 5*o = -10*h - 541, 2*h + 3*o + 271 = 0. What is the tens digit of h/r - (-2)/(-5)?
1
Suppose f = 3*c - 37, 2*c - 5*f = -8 + 50. Suppose 13 = 4*j - c. What is the units digit of (5 - j)/(1/(-4))?
4
Suppose -2*q = -2*g + 3*g - 13, 2*q = 5*g + 43. Suppose q*m = 4*m. Suppose 3 = c + s, 5*s = 5*c - 55 - m. What is the units digit of c?
7
Let t(y) be the second derivative of y**5/20 + 5*y**4/6 - y**3/6 - 9*y**2/2 - 5*y. What is the units digit of t(-10)?
1
Let s(o) = o**2 - o - 1. Let t(c) = c**2 + 4*c - 5. Let v(x) = -2*s(x) + t(x). Let a be v(5). Let u = 11 - a. What is the units digit of u?
9
Suppose 653 = 7*t - 2*t + 3*h, t + 3*h = 121. What is the hundreds digit of t?
1
Let m = -14 - -14. Let u = 4 + m. What is the units digit of u?
4
Let p(q) = -q**3 + 12*q**2 - 10*q - 3. Let n(k) = -k**2 + k. Let x(i) = 5*n(i) + p(i). What is the units digit of x(6)?
3
Let w be (-4)/2*(-1 - -2). What is the units digit of w/6*(-2 - 19)?
7
Suppose 3*w + 2*o + 18 = -2*o, 5*o = -3*w - 18. Let y = 1 - w. What is the units digit of y?
7
Let d be 5/((-2)/2)*-1. Suppose -d*j = -5*u + 20, 0 = -u - 8*j + 7*j. Suppose -3 = z - u*z. What is the units digit of z?
3
Let h = 37 - 21. Suppose -2*t + h - 4 = 0. What is the units digit of t?
6
Suppose 0 = -w - 1 + 3. Let f = w + -5. What is the tens digit of 2/3 + (-28)/f?
1
Let s = 25 - 16. Suppose 0 = 2*c - 3*p + s, 0*p + 26 = -4*c - 2*p. What is the units digit of (-20)/(-3) + (-2)/c?
7
Let g(c) = 6*c**2 - 6*c - 5. What is the units digit of g(-4)?
5
Let a = 8 - -24. What is the units digit of a?
2
Let u(d) = d**2 - 2*d - 3. Suppose -7*r + 2*r - 25 = 0. What is the tens digit of u(r)?
3
Let g be 22/6 + 3/9. Suppose -2*c + 0 = -g. Suppose c*a = 6*a - 8. What is the units digit of a?
2
Suppose -3*b + 167 = 4*c - 35, 2*c = 2*b - 144. What is the units digit of b?
0
Let b = -8 - -13. Suppose b*g - g - 19 = -3*d, 0 = 3*d + 3*g - 24. Suppose 4 = 4*i, -5*f - d = 3*i - 56. What is the units digit of f?
8
Let n(s) = 6*s + 4. What is the tens digit of n(3)?
2
Let l = -12 - -51. Suppose -2*o + 31 = -l. What is the units digit of o?
5
Let d(g) = g + 8. Let m be d(-6). Let b(t) = 2*t**m + 4*t + 0*t - 1 - 2*t. What is the units digit of b(-3)?
1
Let o be 0 + -3 - -2 - 0. What is the units digit of (o + -1)/((-8)/12)?
3
Suppose q + 2*q + 2*k - 430 = 0, -3*q - 3*k + 426 = 0. What is the hundreds digit of q?
1
Suppose -139 + 51 = -2*z. Suppose -6*o + 2*o = -z. What is the tens digit of o?
1
Let v = 0 + -2. Let c be v/7 + (-86)/(-7). Suppose 0 = q + 2*q - c. What is the units digit of q?
4
Let k(h) = -h - 16. Let z(u) = 2*u + 31. Let f(y) = -5*k(y) - 2*z(y). What is the units digit of f(-6)?
2
Suppose -2*i - 5*j = -538, 1104 = 4*i - 2*j - 2*j. What is the tens digit of i?
7
What is the units digit of 64 - 5*(-6)/(-15)?
2
Suppose 10*o - 25 = 9*o. What is the units digit of o?
5
Let m = 13 - 10. Suppose m = -l + 5, -v + l = -6. Suppose -g = 3*g - v. What is the un